{"id":72,"date":"2024-09-07T23:40:59","date_gmt":"2024-09-07T21:40:59","guid":{"rendered":"https:\/\/mana.org.pl\/?post_type=event&#038;p=72"},"modified":"2025-02-18T21:29:10","modified_gmt":"2025-02-18T20:29:10","slug":"wydarzenie-2","status":"publish","type":"event","link":"https:\/\/mana.org.pl\/english\/wydarzenia\/wydarzenie-2\/","title":{"rendered":"Concert announcing the 8th international chamber music festival"},"content":{"rendered":"<div class=\"person-description person-description-container  anim-item-fade\" style=\"background-color: transparent;\">\n            <img decoding=\"async\" \n            src=\"https:\/\/mana.org.pl\/wp-content\/uploads\/2025\/02\/preludium_plakat_1280-460x650.webp\" \n            srcset=\"https:\/\/mana.org.pl\/wp-content\/uploads\/2025\/02\/preludium_plakat_1280-460x650.webp 1x, https:\/\/mana.org.pl\/wp-content\/uploads\/2025\/02\/preludium_plakat_1280-460x650.webp 2x\"\n            alt=\"Plakat koncertu zapowiadaj\u0105cego VIII Mi\u0119dzynarodowy festiwal muzyki kameralnej w Dusznikach-Zdr\u00f3j\" \n            class=\"image-modal-trigger\" \n            data-full-image=\"https:\/\/mana.org.pl\/wp-content\/uploads\/2025\/02\/preludium_plakat_1280.webp\"            \n        >\n    \n    <div class=\"person-description__text-content\">\n        \n\n<h2 class=\"headline headline--small\" style=\"font-weight:300\"><strong>Concert announcing the 8th international chamber music festival<\/strong><\/h2>\n\n\n\n<p class=\"text-page align-left\">7.09.2024, Duszniki-Zd\u00f3j<\/p>\n\n\n\n<p class=\"text-page align-left\"><strong>Event description<\/strong><br>Concert announcing the 8th edition of the Felix Mendelssohn-Batholdy International Chamber Music Festival in Duszniki-Zdr\u00f3j<br><br><strong>Performer<\/strong>: Katarzyna Schulz String Orchestra is directed by Hanna Hurkot<\/p>\n\n\n                    <div class=\"person-description__share\">\n                 \n                    <div class=\"person-description__share--title\"><b>Share<\/b><\/div>\n\n                    <div class=\"person-description__share--container\">\n                                    <a class=\"btn btn--basic\" href=\"https:\/\/www.facebook.com\/sharer\/sharer.php?u=https:\/\/mana.org.pl\/english\/wydarzenia\/wydarzenie-2\/\" target=\"_blank\" aria-label=\"Udost\u0119pnij na Facebooku\">\n                        <i class=\"fab fa-facebook\"><\/i>\n                    <\/a>\n                                                    <a class=\"btn btn--basic\" href=\"https:\/\/twitter.com\/share?url=https:\/\/mana.org.pl\/english\/wydarzenia\/wydarzenie-2\/\" target=\"_blank\" aria-label=\"Udost\u0119pnij na Twitterze\">\n                        <i class=\"fab fa-x-twitter\"><\/i>\n                    <\/a>\n                                                    <a class=\"btn btn--basic\" href=\"https:\/\/api.whatsapp.com\/send?text=https:\/\/mana.org.pl\/english\/wydarzenia\/wydarzenie-2\/\" target=\"_blank\" aria-label=\"Udost\u0119pnij na WhatsAppie\">\n                        <i class=\"fab fa-whatsapp\"><\/i>\n                    <\/a>\n                                                    <a class=\"btn btn--basic\" href=\"fb-messenger:\/\/share\/?link=https:\/\/mana.org.pl\/wp-content\/uploads\/2025\/02\/preludium_plakat_1280.webp\" target=\"_blank\" aria-label=\"Udost\u0119pnij przez Messenger\">\n                        <i class=\"fab fa-facebook-messenger\"><\/i>\n                    <\/a>\n                                                    <a class=\"btn btn--basic\" href=\"https:\/\/mana.org.pl\/wp-content\/uploads\/2025\/02\/preludium_plakat_1280.webp\" download aria-label=\"Pobierz obrazek\">\n                        <i class=\"fas fa-download\"><\/i>\n                    <\/a>\n                                <\/div>\n                            <\/div>\n            <\/div>\n<\/div>","protected":false},"excerpt":{"rendered":"<p>\"Preludium\" - a concert announcing the 8th International Chamber Music Festival, during which we will have the opportunity to listen to the Katarzyna Schulz String Orchestra, composed of young musicians full of passion for music. The band will be led by conductor Hanna Hurkot. We invite you on September 7, 2024 to the Fryderyk Chopin Spa Theater in Duszniki-Zdr\u00f3j! Free admission.<\/p>","protected":false},"template":"","class_list":["post-72","event","type-event","status-publish","hentry"],"acf":[],"_links":{"self":[{"href":"https:\/\/mana.org.pl\/english\/wp-json\/wp\/v2\/event\/72","targetHints":{"allow":["GET"]}}],"collection":[{"href":"https:\/\/mana.org.pl\/english\/wp-json\/wp\/v2\/event"}],"about":[{"href":"https:\/\/mana.org.pl\/english\/wp-json\/wp\/v2\/types\/event"}],"wp:attachment":[{"href":"https:\/\/mana.org.pl\/english\/wp-json\/wp\/v2\/media?parent=72"}],"curies":[{"name":"wp","href":"https:\/\/api.w.org\/{rel}","templated":true}]}}

<div class="person-description person-description-container  anim-item-fade" style="background-color: transparent;">
            <img decoding="async" 
            src="https://mana.org.pl/wp-content/uploads/2025/02/preludium_plakat_1280-460x650.webp" 
            srcset="https://mana.org.pl/wp-content/uploads/2025/02/preludium_plakat_1280-460x650.webp 1x, https://mana.org.pl/wp-content/uploads/2025/02/preludium_plakat_1280-460x650.webp 2x"
            alt="Plakat koncertu zapowiadającego VIII Międzynarodowy festiwal muzyki kameralnej w Dusznikach-Zdrój" 
            class="image-modal-trigger" 
            data-full-image="https://mana.org.pl/wp-content/uploads/2025/02/preludium_plakat_1280.webp"            
        >
    
    <div class="person-description__text-content">
        

<h2 class="headline headline--small" style="font-weight:300"><strong>Concert announcing the 8th international chamber music festival</strong></h2>



<p class="text-page align-left">7.09.2024, Duszniki-Zdój</p>



<p class="text-page align-left"><strong>Event description</strong><br>Concert announcing the 8th edition of the Felix Mendelssohn-Batholdy International Chamber Music Festival in Duszniki-Zdrój<br><br><strong>Performer</strong>: Katarzyna Schulz String Orchestra is directed by Hanna Hurkot</p>


                    <div class="person-description__share">
                 
                    <div class="person-description__share--title"><b>Share</b></div>

                    <div class="person-description__share--container">
                                    <a class="btn btn--basic" href="https://www.facebook.com/sharer/sharer.php?u=https://mana.org.pl/english/wydarzenia/wydarzenie-2/" target="_blank" aria-label="Udostępnij na Facebooku">
                        <i class="fab fa-facebook"></i>
                    </a>
                                                    <a class="btn btn--basic" href="https://twitter.com/share?url=https://mana.org.pl/english/wydarzenia/wydarzenie-2/" target="_blank" aria-label="Udostępnij na Twitterze">
                        <i class="fab fa-x-twitter"></i>
                    </a>
                                                    <a class="btn btn--basic" href="https://api.whatsapp.com/send?text=https://mana.org.pl/english/wydarzenia/wydarzenie-2/" target="_blank" aria-label="Udostępnij na WhatsAppie">
                        <i class="fab fa-whatsapp"></i>
                    </a>
                                                    <a class="btn btn--basic" href="fb-messenger://share/?link=https://mana.org.pl/wp-content/uploads/2025/02/preludium_plakat_1280.webp" target="_blank" aria-label="Udostępnij przez Messenger">
                        <i class="fab fa-facebook-messenger"></i>
                    </a>
                                                    <a class="btn btn--basic" href="https://mana.org.pl/wp-content/uploads/2025/02/preludium_plakat_1280.webp" download aria-label="Pobierz obrazek">
                        <i class="fas fa-download"></i>
                    </a>
                                </div>
                            </div>
            </div>
</div>

<p>"Preludium" - a concert announcing the 8th International Chamber Music Festival, during which we will have the opportunity to listen to the Katarzyna Schulz String Orchestra, composed of young musicians full of passion for music. The band will be led by conductor Hanna Hurkot. We invite you on September 7, 2024 to the Fryderyk Chopin Spa Theater in Duszniki-Zdrój! Free admission.</p>
